{"id":2117,"date":"2015-09-30T16:52:13","date_gmt":"2015-09-30T16:52:13","guid":{"rendered":"http:\/\/www.nocheviejaplayagandia.com\/?page_id=2117"},"modified":"2022-10-14T06:59:03","modified_gmt":"2022-10-14T06:59:03","slug":"apartamento-para-nochevieja-en-playa-de-gandia","status":"publish","type":"page","link":"https:\/\/www.nocheviejaplayagandia.com\/?page_id=2117","title":{"rendered":"Apartamento para nochevieja en Playa de Gandia"},"content":{"rendered":"<div id=\"pl-2117\"  class=\"panel-layout\" ><div id=\"pg-2117-0\"  class=\"panel-grid panel-has-style\" ><div style=\"padding: 100px 0; \" data-overlay=\"true\" class=\"panel-row-style panel-row-style-for-2117-0\" ><div id=\"pgc-2117-0-0\"  class=\"panel-grid-cell\" ><div id=\"panel-2117-0-0-0\" class=\"so-panel widget widget_sow-slider panel-first-child\" data-index=\"0\" ><div\n\t\t\t\n\t\t\tclass=\"so-widget-sow-slider so-widget-sow-slider-default-6d39609536fd-2117\"\n\t\t\t\n\t\t>\t\t\t\t<div class=\"sow-slider-base\" style=\"display: none\" tabindex=\"0\">\n\t\t\t\t\t<ul\n\t\t\t\t\tclass=\"sow-slider-images\"\n\t\t\t\t\tdata-settings=\"{&quot;pagination&quot;:true,&quot;speed&quot;:800,&quot;timeout&quot;:8000,&quot;paused&quot;:false,&quot;pause_on_hover&quot;:false,&quot;swipe&quot;:true,&quot;nav_always_show_desktop&quot;:&quot;&quot;,&quot;nav_always_show_mobile&quot;:&quot;&quot;,&quot;breakpoint&quot;:&quot;780px&quot;,&quot;unmute&quot;:false,&quot;anchor&quot;:null}\"\n\t\t\t\t\t\t\t\t\t\tdata-anchor-id=\"\"\n\t\t\t\t>\t\t<li class=\"sow-slider-image\" style=\"visibility: visible;\" >\n\t\t\t\t\t\t<img loading=\"lazy\" decoding=\"async\" width=\"640\" height=\"480\" src=\"https:\/\/www.nocheviejaplayagandia.com\/wp-content\/uploads\/2015\/09\/alojamiento-para-despedidas-gandia.jpg\" class=\"sow-slider-background-image\" alt=\"Alojamiento para despedidas en Gandia\" style=\"\" srcset=\"https:\/\/www.nocheviejaplayagandia.com\/wp-content\/uploads\/2015\/09\/alojamiento-para-despedidas-gandia.jpg 640w, https:\/\/www.nocheviejaplayagandia.com\/wp-content\/uploads\/2015\/09\/alojamiento-para-despedidas-gandia-300x225.jpg 300w\" sizes=\"(max-width: 640px) 100vw, 640px\" \/>\t\t<\/li>\n\t\t\t\t<li class=\"sow-slider-image\" style=\"visibility: hidden;\" >\n\t\t\t\t\t\t<img loading=\"lazy\" decoding=\"async\" width=\"640\" height=\"480\" src=\"https:\/\/www.nocheviejaplayagandia.com\/wp-content\/uploads\/2015\/09\/despedidas-soltera-gandia.jpg\" class=\"sow-slider-background-image\" alt=\"Despedidas de soltera en Gandia\" style=\"\" srcset=\"https:\/\/www.nocheviejaplayagandia.com\/wp-content\/uploads\/2015\/09\/despedidas-soltera-gandia.jpg 640w, https:\/\/www.nocheviejaplayagandia.com\/wp-content\/uploads\/2015\/09\/despedidas-soltera-gandia-300x225.jpg 300w\" sizes=\"(max-width: 640px) 100vw, 640px\" \/>\t\t<\/li>\n\t\t\t\t<li class=\"sow-slider-image\" style=\"visibility: hidden;\" >\n\t\t\t\t\t\t<img loading=\"lazy\" decoding=\"async\" width=\"640\" height=\"480\" src=\"https:\/\/www.nocheviejaplayagandia.com\/wp-content\/uploads\/2015\/09\/despedida-soltera-en-gandia.jpg\" class=\"sow-slider-background-image\" alt=\"\" style=\"\" srcset=\"https:\/\/www.nocheviejaplayagandia.com\/wp-content\/uploads\/2015\/09\/despedida-soltera-en-gandia.jpg 640w, https:\/\/www.nocheviejaplayagandia.com\/wp-content\/uploads\/2015\/09\/despedida-soltera-en-gandia-300x225.jpg 300w\" sizes=\"(max-width: 640px) 100vw, 640px\" \/>\t\t<\/li>\n\t\t\t\t<li class=\"sow-slider-image\" style=\"visibility: hidden;\" >\n\t\t\t\t\t\t<img loading=\"lazy\" decoding=\"async\" width=\"640\" height=\"480\" src=\"https:\/\/www.nocheviejaplayagandia.com\/wp-content\/uploads\/2015\/09\/despedida-de-soltera-en-gandia.jpg\" class=\"sow-slider-background-image\" alt=\"Despedida de soltera en Gandia\" style=\"\" srcset=\"https:\/\/www.nocheviejaplayagandia.com\/wp-content\/uploads\/2015\/09\/despedida-de-soltera-en-gandia.jpg 640w, https:\/\/www.nocheviejaplayagandia.com\/wp-content\/uploads\/2015\/09\/despedida-de-soltera-en-gandia-300x225.jpg 300w\" sizes=\"(max-width: 640px) 100vw, 640px\" \/>\t\t<\/li>\n\t\t<\/ul>\t\t\t\t<ol class=\"sow-slider-pagination\">\n\t\t\t\t\t\t\t\t\t\t\t<li><a href=\"#\" data-goto=\"0\" aria-label=\"mostrar diapositiva 1\"><\/a><\/li>\n\t\t\t\t\t\t\t\t\t\t\t<li><a href=\"#\" data-goto=\"1\" aria-label=\"mostrar diapositiva 2\"><\/a><\/li>\n\t\t\t\t\t\t\t\t\t\t\t<li><a href=\"#\" data-goto=\"2\" aria-label=\"mostrar diapositiva 3\"><\/a><\/li>\n\t\t\t\t\t\t\t\t\t\t\t<li><a href=\"#\" data-goto=\"3\" aria-label=\"mostrar diapositiva 4\"><\/a><\/li>\n\t\t\t\t\t\t\t\t\t<\/ol>\n\n\t\t\t\t<div class=\"sow-slide-nav sow-slide-nav-next\">\n\t\t\t\t\t<a href=\"#\" data-goto=\"next\" aria-label=\"diapositiva siguiente\" data-action=\"next\">\n\t\t\t\t\t\t<em class=\"sow-sld-icon-thin-right\"><\/em>\n\t\t\t\t\t<\/a>\n\t\t\t\t<\/div>\n\n\t\t\t\t<div class=\"sow-slide-nav sow-slide-nav-prev\">\n\t\t\t\t\t<a href=\"#\" data-goto=\"previous\" aria-label=\"diapositiva anterior\" data-action=\"prev\">\n\t\t\t\t\t\t<em class=\"sow-sld-icon-thin-left\"><\/em>\n\t\t\t\t\t<\/a>\n\t\t\t\t<\/div>\n\t\t\t\t<\/div><\/div><\/div><div id=\"panel-2117-0-0-1\" class=\"so-panel widget widget_sow-editor panel-last-child\" data-index=\"1\" ><div\n\t\t\t\n\t\t\tclass=\"so-widget-sow-editor so-widget-sow-editor-base\"\n\t\t\t\n\t\t>\n<div class=\"siteorigin-widget-tinymce textwidget\">\n\t<h3 style=\"text-align: justify;\">Apartamento para Nochevieja\u00a0en Playa de Gandia<\/h3>\n<p style=\"text-align: justify;\">Los Bestias Gandia te ofrece una oferta de diversos alojamientos en apartamentos para satisfacer vuestras necesidades. Nos encontramos en\u00a0 disposici\u00f3n de ofreceros distintas y diversas ofertas en apartamentos y localizaciones, siempre situados en la zona centro de la playa de Gand\u00eda y a escasos pasos de las zonas de ocio.<\/p>\n<p style=\"text-align: justify;\">A nivel personal Los Bestias, cuenta con un equipo de profesionales os atender\u00e1 personalmente cuando llegu\u00e9is a la ciudad, nuestros profesionales os acompa\u00f1aran en todo el proceso de acomodaci\u00f3n y llegada hasta vuestro apartamento de destino<\/p>\n<p style=\"text-align: justify;\">Todos nuestros apartamentos cuentan con todas las comodidades y extras que puedas necesitar en tus d\u00edas de estancia, piscina, jardines, tdt, ropa de cama, toallas, sabanas etc.<\/p>\n<p style=\"text-align: justify;\">En nuestra oferta contemplamos distintos tipos de apartamento para satisfacer vuestras necesidades:<\/p>\n<ol style=\"text-align: justify;\">\n<li>Apartamentos de 2 habitaciones\u00a0 y con capacidad de estancia para un m\u00e1ximo de 6 personas.<\/li>\n<li>Apartamentos de 3 habitaciones\u00a0 y con capacidad m\u00e1xima de estancia para un m\u00e1ximo de 8 personas.<\/li>\n<li>Apartamentos de 4 habitaciones\u00a0 y con capacidad m\u00e1xima de estancia para un m\u00e1ximo de 10 personas.<\/li>\n<\/ol>\n<p style=\"text-align: justify;\"><em><strong>Un dato importante y que no deb\u00e9is olvidar es que en los apartamentos se podr\u00e1 permanecer hasta las 19:00 del \u00faltimo d\u00eda de estancia, y se depositar\u00e1 una fianza de 50 euros por persona a la llegada, devolvi\u00e9ndose en la salida a las 19:00 horas.<\/strong><\/em><\/p>\n<p><a href=\"http:\/\/www.nocheviejaplayagandia.com\/wp-content\/uploads\/2019\/10\/gardenias-I-ESC-3-3-E-013.jpg\"><img fetchpriority=\"high\" fetchpriority=\"high\" decoding=\"async\" class=\"alignnone size-full wp-image-3038\" src=\"http:\/\/www.nocheviejaplayagandia.com\/wp-content\/uploads\/2019\/10\/gardenias-I-ESC-3-3-E-013.jpg\" alt=\"\" width=\"1536\" height=\"1152\" srcset=\"https:\/\/www.nocheviejaplayagandia.com\/wp-content\/uploads\/2019\/10\/gardenias-I-ESC-3-3-E-013.jpg 1536w, https:\/\/www.nocheviejaplayagandia.com\/wp-content\/uploads\/2019\/10\/gardenias-I-ESC-3-3-E-013-300x225.jpg 300w, https:\/\/www.nocheviejaplayagandia.com\/wp-content\/uploads\/2019\/10\/gardenias-I-ESC-3-3-E-013-768x576.jpg 768w\" sizes=\"(max-width: 1536px) 100vw, 1536px\" \/><\/a> <a href=\"http:\/\/www.nocheviejaplayagandia.com\/wp-content\/uploads\/2019\/10\/IMG_0517.jpg\"><img decoding=\"async\" class=\"alignnone size-full wp-image-3037\" src=\"http:\/\/www.nocheviejaplayagandia.com\/wp-content\/uploads\/2019\/10\/IMG_0517.jpg\" alt=\"\" width=\"592\" height=\"444\" srcset=\"https:\/\/www.nocheviejaplayagandia.com\/wp-content\/uploads\/2019\/10\/IMG_0517.jpg 592w, https:\/\/www.nocheviejaplayagandia.com\/wp-content\/uploads\/2019\/10\/IMG_0517-300x225.jpg 300w\" sizes=\"(max-width: 592px) 100vw, 592px\" \/><\/a> <a href=\"http:\/\/www.nocheviejaplayagandia.com\/wp-content\/uploads\/2019\/10\/IMG_0515-2.jpg\"><img decoding=\"async\" class=\"alignnone size-full wp-image-3036\" src=\"http:\/\/www.nocheviejaplayagandia.com\/wp-content\/uploads\/2019\/10\/IMG_0515-2.jpg\" alt=\"\" width=\"592\" height=\"444\" srcset=\"https:\/\/www.nocheviejaplayagandia.com\/wp-content\/uploads\/2019\/10\/IMG_0515-2.jpg 592w, https:\/\/www.nocheviejaplayagandia.com\/wp-content\/uploads\/2019\/10\/IMG_0515-2-300x225.jpg 300w\" sizes=\"(max-width: 592px) 100vw, 592px\" \/><\/a><\/p>\n<\/div>\n<\/div><\/div><\/div><\/div><\/div><div id=\"pg-2117-1\"  class=\"panel-grid panel-has-style\" ><div style=\"padding: 100px 0; \" data-overlay=\"true\" class=\"panel-row-style panel-row-style-for-2117-1\" ><div id=\"pgc-2117-1-0\"  class=\"panel-grid-cell panel-grid-cell-empty\" ><\/div><\/div><\/div><\/div>","protected":false},"excerpt":{"rendered":"<p>Apartamento para Nochevieja\u00a0en Playa de Gandia Los Bestias Gandia te ofrece una oferta de diversos alojamientos en apartamentos para satisfacer vuestras necesidades. Nos encontramos en\u00a0 [&hellip;]<\/p>\n","protected":false},"author":1,"featured_media":0,"parent":0,"menu_order":0,"comment_status":"closed","ping_status":"closed","template":"page-templates\/page_fullwidth.php","meta":{"_joinchat":[],"footnotes":""},"class_list":["post-2117","page","type-page","status-publish","hentry"],"yoast_head":"<!-- This site is optimized with the Yoast SEO plugin v26.5 - https:\/\/yoast.com\/wordpress\/plugins\/seo\/ -->\n<title>Apartamento para nochevieja en Playa de Gandia - NocheviejaPlayaGandia.com<\/title>\n<meta name=\"robots\" content=\"index, follow, max-snippet:-1, max-image-preview:large, max-video-preview:-1\" \/>\n<link rel=\"canonical\" href=\"https:\/\/www.nocheviejaplayagandia.com\/?page_id=2117\" \/>\n<meta property=\"og:locale\" content=\"es_ES\" \/>\n<meta property=\"og:type\" content=\"article\" \/>\n<meta property=\"og:title\" content=\"Apartamento para nochevieja en Playa de Gandia - NocheviejaPlayaGandia.com\" \/>\n<meta property=\"og:description\" content=\"Apartamento para Nochevieja\u00a0en Playa de Gandia Los Bestias Gandia te ofrece una oferta de diversos alojamientos en apartamentos para satisfacer vuestras necesidades. Nos encontramos en\u00a0 [&hellip;]\" \/>\n<meta property=\"og:url\" content=\"https:\/\/www.nocheviejaplayagandia.com\/?page_id=2117\" \/>\n<meta property=\"og:site_name\" content=\"NocheviejaPlayaGandia.com\" \/>\n<meta property=\"article:modified_time\" content=\"2022-10-14T06:59:03+00:00\" \/>\n<meta property=\"og:image\" content=\"http:\/\/www.nocheviejaplayagandia.com\/wp-content\/uploads\/2019\/10\/gardenias-I-ESC-3-3-E-013.jpg\" \/>\n<meta name=\"twitter:card\" content=\"summary_large_image\" \/>\n<meta name=\"twitter:label1\" content=\"Tiempo de lectura\" \/>\n\t<meta name=\"twitter:data1\" content=\"1 minuto\" \/>\n<script type=\"application\/ld+json\" class=\"yoast-schema-graph\">{\"@context\":\"https:\/\/schema.org\",\"@graph\":[{\"@type\":\"WebPage\",\"@id\":\"https:\/\/www.nocheviejaplayagandia.com\/?page_id=2117\",\"url\":\"https:\/\/www.nocheviejaplayagandia.com\/?page_id=2117\",\"name\":\"Apartamento para nochevieja en Playa de Gandia - NocheviejaPlayaGandia.com\",\"isPartOf\":{\"@id\":\"https:\/\/www.nocheviejaplayagandia.com\/#website\"},\"primaryImageOfPage\":{\"@id\":\"https:\/\/www.nocheviejaplayagandia.com\/?page_id=2117#primaryimage\"},\"image\":{\"@id\":\"https:\/\/www.nocheviejaplayagandia.com\/?page_id=2117#primaryimage\"},\"thumbnailUrl\":\"http:\/\/www.nocheviejaplayagandia.com\/wp-content\/uploads\/2019\/10\/gardenias-I-ESC-3-3-E-013.jpg\",\"datePublished\":\"2015-09-30T16:52:13+00:00\",\"dateModified\":\"2022-10-14T06:59:03+00:00\",\"breadcrumb\":{\"@id\":\"https:\/\/www.nocheviejaplayagandia.com\/?page_id=2117#breadcrumb\"},\"inLanguage\":\"es\",\"potentialAction\":[{\"@type\":\"ReadAction\",\"target\":[\"https:\/\/www.nocheviejaplayagandia.com\/?page_id=2117\"]}]},{\"@type\":\"ImageObject\",\"inLanguage\":\"es\",\"@id\":\"https:\/\/www.nocheviejaplayagandia.com\/?page_id=2117#primaryimage\",\"url\":\"http:\/\/www.nocheviejaplayagandia.com\/wp-content\/uploads\/2019\/10\/gardenias-I-ESC-3-3-E-013.jpg\",\"contentUrl\":\"http:\/\/www.nocheviejaplayagandia.com\/wp-content\/uploads\/2019\/10\/gardenias-I-ESC-3-3-E-013.jpg\"},{\"@type\":\"BreadcrumbList\",\"@id\":\"https:\/\/www.nocheviejaplayagandia.com\/?page_id=2117#breadcrumb\",\"itemListElement\":[{\"@type\":\"ListItem\",\"position\":1,\"name\":\"Portada\",\"item\":\"https:\/\/www.nocheviejaplayagandia.com\/\"},{\"@type\":\"ListItem\",\"position\":2,\"name\":\"Apartamento para nochevieja en Playa de Gandia\"}]},{\"@type\":\"WebSite\",\"@id\":\"https:\/\/www.nocheviejaplayagandia.com\/#website\",\"url\":\"https:\/\/www.nocheviejaplayagandia.com\/\",\"name\":\"NocheviejaPlayaGandia.com\",\"description\":\"Organizada por el Grupo VayaTela!\",\"publisher\":{\"@id\":\"https:\/\/www.nocheviejaplayagandia.com\/#organization\"},\"potentialAction\":[{\"@type\":\"SearchAction\",\"target\":{\"@type\":\"EntryPoint\",\"urlTemplate\":\"https:\/\/www.nocheviejaplayagandia.com\/?s={search_term_string}\"},\"query-input\":{\"@type\":\"PropertyValueSpecification\",\"valueRequired\":true,\"valueName\":\"search_term_string\"}}],\"inLanguage\":\"es\"},{\"@type\":\"Organization\",\"@id\":\"https:\/\/www.nocheviejaplayagandia.com\/#organization\",\"name\":\"Nochevieja en Gandia\",\"url\":\"https:\/\/www.nocheviejaplayagandia.com\/\",\"logo\":{\"@type\":\"ImageObject\",\"inLanguage\":\"es\",\"@id\":\"https:\/\/www.nocheviejaplayagandia.com\/#\/schema\/logo\/image\/\",\"url\":\"https:\/\/www.nocheviejaplayagandia.com\/wp-content\/uploads\/2015\/09\/logo_en_accion.gif\",\"contentUrl\":\"https:\/\/www.nocheviejaplayagandia.com\/wp-content\/uploads\/2015\/09\/logo_en_accion.gif\",\"width\":223,\"height\":144,\"caption\":\"Nochevieja en Gandia\"},\"image\":{\"@id\":\"https:\/\/www.nocheviejaplayagandia.com\/#\/schema\/logo\/image\/\"}}]}<\/script>\n<!-- \/ Yoast SEO plugin. -->","yoast_head_json":{"title":"Apartamento para nochevieja en Playa de Gandia - NocheviejaPlayaGandia.com","robots":{"index":"index","follow":"follow","max-snippet":"max-snippet:-1","max-image-preview":"max-image-preview:large","max-video-preview":"max-video-preview:-1"},"canonical":"https:\/\/www.nocheviejaplayagandia.com\/?page_id=2117","og_locale":"es_ES","og_type":"article","og_title":"Apartamento para nochevieja en Playa de Gandia - NocheviejaPlayaGandia.com","og_description":"Apartamento para Nochevieja\u00a0en Playa de Gandia Los Bestias Gandia te ofrece una oferta de diversos alojamientos en apartamentos para satisfacer vuestras necesidades. Nos encontramos en\u00a0 [&hellip;]","og_url":"https:\/\/www.nocheviejaplayagandia.com\/?page_id=2117","og_site_name":"NocheviejaPlayaGandia.com","article_modified_time":"2022-10-14T06:59:03+00:00","og_image":[{"url":"http:\/\/www.nocheviejaplayagandia.com\/wp-content\/uploads\/2019\/10\/gardenias-I-ESC-3-3-E-013.jpg","type":"","width":"","height":""}],"twitter_card":"summary_large_image","twitter_misc":{"Tiempo de lectura":"1 minuto"},"schema":{"@context":"https:\/\/schema.org","@graph":[{"@type":"WebPage","@id":"https:\/\/www.nocheviejaplayagandia.com\/?page_id=2117","url":"https:\/\/www.nocheviejaplayagandia.com\/?page_id=2117","name":"Apartamento para nochevieja en Playa de Gandia - NocheviejaPlayaGandia.com","isPartOf":{"@id":"https:\/\/www.nocheviejaplayagandia.com\/#website"},"primaryImageOfPage":{"@id":"https:\/\/www.nocheviejaplayagandia.com\/?page_id=2117#primaryimage"},"image":{"@id":"https:\/\/www.nocheviejaplayagandia.com\/?page_id=2117#primaryimage"},"thumbnailUrl":"http:\/\/www.nocheviejaplayagandia.com\/wp-content\/uploads\/2019\/10\/gardenias-I-ESC-3-3-E-013.jpg","datePublished":"2015-09-30T16:52:13+00:00","dateModified":"2022-10-14T06:59:03+00:00","breadcrumb":{"@id":"https:\/\/www.nocheviejaplayagandia.com\/?page_id=2117#breadcrumb"},"inLanguage":"es","potentialAction":[{"@type":"ReadAction","target":["https:\/\/www.nocheviejaplayagandia.com\/?page_id=2117"]}]},{"@type":"ImageObject","inLanguage":"es","@id":"https:\/\/www.nocheviejaplayagandia.com\/?page_id=2117#primaryimage","url":"http:\/\/www.nocheviejaplayagandia.com\/wp-content\/uploads\/2019\/10\/gardenias-I-ESC-3-3-E-013.jpg","contentUrl":"http:\/\/www.nocheviejaplayagandia.com\/wp-content\/uploads\/2019\/10\/gardenias-I-ESC-3-3-E-013.jpg"},{"@type":"BreadcrumbList","@id":"https:\/\/www.nocheviejaplayagandia.com\/?page_id=2117#breadcrumb","itemListElement":[{"@type":"ListItem","position":1,"name":"Portada","item":"https:\/\/www.nocheviejaplayagandia.com\/"},{"@type":"ListItem","position":2,"name":"Apartamento para nochevieja en Playa de Gandia"}]},{"@type":"WebSite","@id":"https:\/\/www.nocheviejaplayagandia.com\/#website","url":"https:\/\/www.nocheviejaplayagandia.com\/","name":"NocheviejaPlayaGandia.com","description":"Organizada por el Grupo VayaTela!","publisher":{"@id":"https:\/\/www.nocheviejaplayagandia.com\/#organization"},"potentialAction":[{"@type":"SearchAction","target":{"@type":"EntryPoint","urlTemplate":"https:\/\/www.nocheviejaplayagandia.com\/?s={search_term_string}"},"query-input":{"@type":"PropertyValueSpecification","valueRequired":true,"valueName":"search_term_string"}}],"inLanguage":"es"},{"@type":"Organization","@id":"https:\/\/www.nocheviejaplayagandia.com\/#organization","name":"Nochevieja en Gandia","url":"https:\/\/www.nocheviejaplayagandia.com\/","logo":{"@type":"ImageObject","inLanguage":"es","@id":"https:\/\/www.nocheviejaplayagandia.com\/#\/schema\/logo\/image\/","url":"https:\/\/www.nocheviejaplayagandia.com\/wp-content\/uploads\/2015\/09\/logo_en_accion.gif","contentUrl":"https:\/\/www.nocheviejaplayagandia.com\/wp-content\/uploads\/2015\/09\/logo_en_accion.gif","width":223,"height":144,"caption":"Nochevieja en Gandia"},"image":{"@id":"https:\/\/www.nocheviejaplayagandia.com\/#\/schema\/logo\/image\/"}}]}},"_links":{"self":[{"href":"https:\/\/www.nocheviejaplayagandia.com\/index.php?rest_route=\/wp\/v2\/pages\/2117","targetHints":{"allow":["GET"]}}],"collection":[{"href":"https:\/\/www.nocheviejaplayagandia.com\/index.php?rest_route=\/wp\/v2\/pages"}],"about":[{"href":"https:\/\/www.nocheviejaplayagandia.com\/index.php?rest_route=\/wp\/v2\/types\/page"}],"author":[{"embeddable":true,"href":"https:\/\/www.nocheviejaplayagandia.com\/index.php?rest_route=\/wp\/v2\/users\/1"}],"replies":[{"embeddable":true,"href":"https:\/\/www.nocheviejaplayagandia.com\/index.php?rest_route=%2Fwp%2Fv2%2Fcomments&post=2117"}],"version-history":[{"count":12,"href":"https:\/\/www.nocheviejaplayagandia.com\/index.php?rest_route=\/wp\/v2\/pages\/2117\/revisions"}],"predecessor-version":[{"id":3041,"href":"https:\/\/www.nocheviejaplayagandia.com\/index.php?rest_route=\/wp\/v2\/pages\/2117\/revisions\/3041"}],"wp:attachment":[{"href":"https:\/\/www.nocheviejaplayagandia.com\/index.php?rest_route=%2Fwp%2Fv2%2Fmedia&parent=2117"}],"curies":[{"name":"wp","href":"https:\/\/api.w.org\/{rel}","templated":true}]}}